, 5849
List the prime factors of 2568009411.
3, 11, 113, 229553
What are the prime factors of 126480550?
2, 5, 7, 361373
What are the prime factors of 4094935973?
15551, 263323
What are the prime factors of 112491518?
2, 2857, 19687
List the prime factors of 2872685601.
3, 19, 5599777
What are the prime factors of 438267784?
2, 54783473
List the prime factors of 3966241.
421, 9421
List the prime factors of 4375826725.
5, 175033069
List the prime factors of 84437831.
31, 109, 24989
List the prime factors of 1526404.
2, 11, 113, 307
What are the prime factors of 129289065?
3, 5, 31, 278041
List the prime factors of 1627632063.
3, 41, 490103
What are the prime factors of 499767254?
2, 7, 107, 333623
What are the prime factors of 86331977?
727, 118751
What are the prime factors of 53851676?
2, 13462919
What are the prime factors of 206300480?
2, 5, 19, 33931
What are the prime factors of 132499878?
2, 3, 7, 3154759
What are the prime factors of 180603451?
7, 25800493
What are the prime factors of 36512888?
2, 4564111
List the prime factors of 2009010851.
2009010851
What are the prime factors of 4006983290?
2, 5, 3163, 126683
What are the prime factors of 1463994498?
2, 3, 19, 389, 33013
What are the prime factors of 1805340529?
23623, 76423
List the prime factors of 36272896.
2, 11, 1171
List the prime factors of 163186169.
37, 199, 599
List the prime factors of 1088842112.
2, 17, 617, 811
List the prime factors of 3912473899.
3912473899
What are the prime factors of 24450534?
2, 3, 1358363
List the prime factors of 121777409.
13, 17, 29, 19001
What are the prime factors of 343003109?
857, 400237
List the prime factors of 2610331398.
2, 3, 61, 2377351
List the prime factors of 242680835.
5, 73, 664879
What are the prime factors of 184376706?
2, 3, 30729451
What are the prime factors of 369400433?
31, 71, 157, 1069
What are the prime factors of 1545847311?
3, 1049, 491213
What are the prime factors of 4227419481?
3, 23, 79, 775531
What are the prime factors of 25029228?
2, 3, 7, 297967
List the prime factors of 1142078458.
2, 59, 311, 31121
What are the prime factors of 57257409?
3, 11, 283, 6131
List the prime factors of 419467158.
2, 3, 11, 1039, 2039
What are the prime factors of 342713449?
13, 2053, 12841
What are the prime factors of 22996714?
2, 13, 884489
List the prime factors of 108257722.
2, 2347, 23063
List the prime factors of 14482462.
2, 53, 317, 431
List the prime factors of 355944328.
2, 19, 197, 11887
What are the prime factors of 182039532?
2, 3, 19, 89, 8971
What are the prime factors of 260144060?
2, 5, 11, 47, 139, 181
What are the prime factors of 24655041?
3, 61, 44909
List the prime factors of 140719616.
2, 274843
What are the prime factors of 33427464?
2, 3, 7, 23, 41, 211
What are the prime factors of 556700442?
2, 3, 191, 485777
What are the prime factors of 420758909?
163, 613, 4211
What are the prime factors of 67745462?
2, 109, 2851
What are the prime factors of 298645403?
7, 42663629
What are the prime factors of 37465632?
2, 3, 103, 421
List the prime factors of 72626411.
11, 13, 29, 83, 211
List the prime factors of 414696227.
11, 709, 53173
List the prime factors of 1937454.
2, 3, 137, 2357
List the prime factors of 30094448.
2, 1880903
What are the prime factors of 2963362?
2, 73, 20297
List the prime factors of 16286036.
2, 13, 31, 10103
List the prime factors of 171117828.
2, 3, 7, 679039
What are the prime factors of 1493556663?
3, 311, 1600811
What are the prime factors of 243581196?
2, 3, 1933, 10501
List the prime factors of 1113775006.
2, 31, 17964113
What are the prime factors of 1243938164?
2, 7, 23, 823, 2347
What are the prime factors of 43780644?
2, 3, 17, 71537
List the prime factors of 68966647.
68966647
What are the prime factors of 10422190?
2, 5, 17, 101, 607
List the prime factors of 527107294.
2, 7, 37650521
What are the prime factors of 491271853?
491271853
List the prime factors of 1348123730.
2, 5, 134812373
List the prime factors of 412123620.
2, 3, 5, 6868727
List the prime factors of 26532670.
2, 5, 67, 199
What are the prime factors of 566604372?
2, 3, 47217031
List the prime factors of 18627347.
71, 167, 1571
What are the prime factors of 52154196?
2, 3, 4346183
What are the prime factors of 26566084?
2, 877, 7573
What are the prime factors of 4736705492?
2, 6199, 191027
What are the prime factors of 16987034?
2, 71, 119627
What are the prime factors of 2154956?
2, 538739
List the prime factors of 475930800.
2, 3, 5, 73, 1811
What are the prime factors of 1680534099?
3, 17, 10983883
List the prime factors of 893405916.
2, 3, 13, 19, 107, 313
What are the prime factors of 24609629?
11, 31, 72169
What are the prime factors of 1417230996?
2, 3, 9041, 13063
What are the prime factors of 1699698591?
3, 2591, 72889
List the prime factors of 19134985.
5, 79, 193, 251
List the prime factors of 112460551.
7, 2843, 5651
List the prime factors of 845839948.
2, 19, 199, 55927
List the prime factors of 442885322.
2, 11, 127, 293, 541
What are the prime factors of 17021315?
5, 317, 10739
List the prime factors of 416846242.
2, 251, 347, 2393
What are the prime factors of 944455792?
2, 7, 761, 1583
What are the prime factors of 52225097?
113, 601, 769
What are the prime factors of 31299158?
2, 11, 683, 2083
List the prime factors of 1779023695.
5, 355804739
List the prime factors of 117754308.
2, 3, 7, 17, 27487
List the prime factors of 25060482.
2, 3, 17, 27299
List the prime factors of 583410578.
2, 163, 1789603
List the prime factors of 879563529.
3, 13, 41, 6791
What are the prime factors of 89979968?
2, 13, 83, 1303
What are the prime factors of 228015691?
83, 2747177
What are the prime factors of 247320018?
2, 3, 11, 1249091
List the prime factors of 445609685.
5, 37, 191, 12611
What are the prime factors of 202220573?
202220573
List the prime factors of 797985068.
2, 37, 5391791
What are the prime factors of 155915059?
197, 791447
List the prime factors of 5719446608.
2, 357465413
List the prime factors of 374638596.
2, 3, 31, 521, 1933
List the prime factors of 4705811979.
3, 11, 142600363
What are the prime factors of 53410876?
2, 23, 580553
List the prime factors of 80395591.
829, 96979
What are the prime factors of 64593107?
307, 210401
What are the prime factors of 422407577?
37, 11416421
What are the prime factors of 720927889?
11, 53, 1236583
List the prime factors of 51790677.
3, 31, 373, 1493
List the prime factors of 63556299.
3, 281, 8377
What are the prime factors of 350166499?
2593, 135043
List the prime factors of 103591720.
2, 5, 2589793
What are the prime factors of 215309060?
2, 5, 10765453
List the prime factors of 479192489.
479192489
List the prime factors of 3571593927.
3, 11, 41, 2639759
List the prime factors of 22517001.
3, 13, 64151
What are the prime factors of 71976169?
89, 808721
What are the prime factors of 298188639?
3, 7, 487, 9719
List the prime factors of 168764998.
2, 84382499
What are the prime factors of 56494365?
3, 5, 83, 45377
What are the prime factors of 4308688501?
13, 19, 139, 125497
What are the prime factors of 402909062?
2, 1021, 197311
List the prime factors of 1068781477.
1068781477
What are the prime factors of 1457019511?
1457019511
What are the prime factors of 2034222?
2, 3, 197, 1721
What are the prime factors of 31179927?
3, 23, 311, 1453
What are the prime factors of 17849245?
5, 3569849
List the prime factors of 1831738571.
13, 29, 31, 156733
What are the prime factors of 303654584?
2, 61, 622243
List the prime factors of 23546029.
13, 79, 101, 227
List the prime factors of 194905402.
2, 97452701
List the prime factors of 60091167.
3, 19, 43, 24517
What are the prime factors of 596015509?
983, 606323
List the prime factors of 541934887.
13, 41687299
What are the prime factors of 3586498325?
5, 47, 367, 8317
List the prime factors of 4618814762.
2, 17, 2797, 2857
List the prime factors of 2828256589.
7703, 367163
List the prime factors of 1392720251.
13, 1733, 61819
List the prime factors of 2228015090.
2, 5, 7, 727, 43781
What are the prime factors of 76404939?
3, 13, 47, 73, 571
List the prime factors of 47852621.
19, 2518559
What are the prime factors of 298261017?
3, 33140113
List the prime factors of 84163447.
17, 41, 7103
List t